{"id":997,"date":"2023-09-13T18:34:43","date_gmt":"2023-09-13T18:34:43","guid":{"rendered":"https:\/\/pamukhukuk.com\/?page_id=997"},"modified":"2023-09-13T18:34:43","modified_gmt":"2023-09-13T18:34:43","slug":"yabancilar-hukuku","status":"publish","type":"page","link":"https:\/\/pamukhukuk.com\/?page_id=997","title":{"rendered":"Yabanc\u0131lar Hukuku"},"content":{"rendered":"\n<p>Pamuk Hukuk B\u00fcrosu olarak, Yabanc\u0131lar Hukuku kapsam\u0131nda verdi\u011fimiz ba\u015fl\u0131ca hizmetler \u015fu \u015fekildedir:<br>T\u00fcrkiye&#8217;de ya\u015fayan yabanc\u0131lar\u0131n yurt d\u0131\u015f\u0131ndan ve yurt i\u00e7inden ba\u015fvuru yaparak ikamet izni<br>alabilmesi i\u00e7in gerekli dan\u0131\u015fmanl\u0131\u011f\u0131n verilmesi ve resmi mercilere gerekli ba\u015fvurular\u0131n yap\u0131larak<br>s\u00fcrecin takibi,<br>T\u00fcrkiye&#8217;de ya\u015fayan yabanc\u0131lar\u0131n k\u0131sa d\u00f6nem ikamet izni alabilmesi i\u00e7in resmi mercilere gerekli<br>ba\u015fvurular\u0131n yap\u0131lmas\u0131 ve s\u00fcrecin takibi,<br>T\u00fcrkiye&#8217;de ya\u015fayan yabanc\u0131lar\u0131n aile ikamet izni alabilmesi i\u00e7in resmi mercilere gerekli ba\u015fvurular\u0131n<br>yap\u0131lmas\u0131 ve s\u00fcrecin takibi,<br>T\u00fcrkiye&#8217;de ya\u015fayan yabanc\u0131lar\u0131n \u00f6\u011frenci ikamet izni alabilmesi i\u00e7in resmi mercilere gerekli<br>ba\u015fvurular\u0131n yap\u0131lmas\u0131 ve s\u00fcrecin takibi,<br>T\u00fcrkiye&#8217;de ya\u015fayan yabanc\u0131lar\u0131n uzun d\u00f6nem ikamet izni alabilmesi i\u00e7in resmi mercilere gerekli<br>ba\u015fvurular\u0131n yap\u0131lmas\u0131 ve s\u00fcrecin takibi,<br>T\u00fcrkiye&#8217;de ya\u015fayan yabanc\u0131lar\u0131n insani ikamet izni alabilmesi i\u00e7in resmi mercilere gerekli<br>ba\u015fvurular\u0131n yap\u0131lmas\u0131 ve s\u00fcrecin takibi,<br>T\u00fcrkiye&#8217;de ya\u015fayan yabanc\u0131lar\u0131n insan ticareti ma\u011fduru ikamet izni alabilmesi i\u00e7in resmi mercilere<br>gerekli ba\u015fvurular\u0131n yap\u0131lmas\u0131 ve s\u00fcrecin takibi,<br>T\u00fcrkiye&#8217;de ya\u015fayan yabanc\u0131lar\u0131n \u00e7al\u0131\u015fma izni alabilmesi i\u00e7in resmi mercilere gerekli ba\u015fvurular\u0131n<br>yap\u0131lmas\u0131 ve s\u00fcrecin takibi,<br>T\u00fcrkiye&#8217;de ya\u015fayan yabanc\u0131lar\u0131n sahip olduklar\u0131 hak ve \u00f6zg\u00fcrl\u00fckleri konusunda hukuki dan\u0131\u015fmanl\u0131k<br>verilmesi, i\u015fbu haklar\u0131n ihlali halinde gerekli ba\u015fvurular\u0131n yap\u0131larak gerekli davalar\u0131n a\u00e7\u0131lmas\u0131,<br>T\u00fcrkiye&#8217;de ya\u015fayan yabanc\u0131lar\u0131n ikamet izinlerinin uzat\u0131lmas\u0131 hususunda resmi mercilere gerekli<br>ba\u015fvurular\u0131n yap\u0131lmas\u0131 ve s\u00fcrecin takibi,<br>T\u00fcrkiye&#8217;de ya\u015fayan yabanc\u0131lar\u0131n ikamet izinlerinin reddi, iptali veya uzat\u0131lmamas\u0131 hallerinde gerekli<br>ba\u015fvurular\u0131n yap\u0131larak gerekli davalar\u0131n a\u00e7\u0131lmas\u0131,<br>Di\u011fer \u00fclkelerde vatans\u0131z ki\u015fi olarak i\u015flem g\u00f6renlerin T\u00fcrkiye&#8217;ye seyahati ve T\u00fcrkiye&#8217;de ikameti<br>hususunda gerekli dan\u0131\u015fmanl\u0131\u011f\u0131n verilmesi,<br>Vatans\u0131zl\u0131\u011f\u0131n tespiti ve T\u00fcrk Hukuku&#8217;nda vatans\u0131zlar\u0131n haklar\u0131n hususunda gerekli dan\u0131\u015fmanl\u0131\u011f\u0131n<br>verilmesi,<br>T\u00fcrkiye&#8217;de ya\u015fayan yabanc\u0131lar\u0131n s\u0131n\u0131r d\u0131\u015f\u0131 edilmesi halinde s\u0131n\u0131r d\u0131\u015f\u0131 etme karar\u0131na kar\u015f\u0131 itiraz ve<br>idari g\u00f6zetim karar\u0131 hususunda gerekli dan\u0131\u015fmanl\u0131\u011f\u0131n verilmesi ve i\u015fbu kararlara kar\u015f\u0131 gerekli dava<br>yollar\u0131na ba\u015fvurulmas\u0131,<br>Uluslararas\u0131 koruma hususunda gerekli ba\u015fvurular\u0131n yap\u0131lmas\u0131,<br>Ge\u00e7ici koruma karar\u0131n\u0131n al\u0131nmas\u0131 ve uygulanmas\u0131 hususunda gerekli dan\u0131\u015fmanl\u0131k hizmetinin<br>verilmesi,<br>Turkuaz Kart sahibi olma ve Turkuaz Kart sahiplerinin haklar\u0131 konusunda gerekli dan\u0131\u015fmanl\u0131k<br>hizmetinin verilmesi,<br>Mavi Kart sahibi olma ve Mavi Kart sahiplerinin haklar\u0131 konusunda gerekli dan\u0131\u015fmanl\u0131k hizmetinin<br>verilmesi,<br>Yabanc\u0131lar\u0131n T\u00fcrkiye&#8217;de ta\u015f\u0131nmaz edinimi hususunda gerekli dan\u0131\u015fmanl\u0131k hizmetinin verilmesi,<br>Yabanc\u0131 mahkeme ve hakem kararlar\u0131n\u0131n tenfizi ve tan\u0131nmas\u0131 hususunda gerekli dan\u0131\u015fmanl\u0131k<br>hizmetinin verilerek, gerekli ba\u015fvurular\u0131n yap\u0131lmas\u0131 ve s\u00fcrecin takibi<\/p>\n","protected":false},"excerpt":{"rendered":"<p>Pamuk Hukuk B\u00fcrosu olarak, Yabanc\u0131lar Hukuku kapsam\u0131nda verdi\u011fimiz ba\u015fl\u0131ca hizmetler \u015fu \u015fekildedir:T\u00fcrkiye&#8217;de ya\u015fayan yabanc\u0131lar\u0131n yurt d\u0131\u015f\u0131ndan ve yurt i\u00e7inden ba\u015fvuru yaparak ikamet iznialabilmesi i\u00e7in gerekli dan\u0131\u015fmanl\u0131\u011f\u0131n verilmesi ve resmi mercilere gerekli ba\u015fvurular\u0131n yap\u0131laraks\u00fcrecin takibi,T\u00fcrkiye&#8217;de ya\u015fayan yabanc\u0131lar\u0131n k\u0131sa d\u00f6nem ikamet izni alabilmesi i\u00e7in resmi mercilere gerekliba\u015fvurular\u0131n yap\u0131lmas\u0131 ve s\u00fcrecin takibi,T\u00fcrkiye&#8217;de ya\u015fayan yabanc\u0131lar\u0131n aile ikamet izni alabilmesi [&hellip;]<\/p>\n","protected":false},"author":1,"featured_media":0,"parent":0,"menu_order":0,"comment_status":"closed","ping_status":"closed","template":"","meta":{"footnotes":""},"_links":{"self":[{"href":"https:\/\/pamukhukuk.com\/index.php?rest_route=\/wp\/v2\/pages\/997"}],"collection":[{"href":"https:\/\/pamukhukuk.com\/index.php?rest_route=\/wp\/v2\/pages"}],"about":[{"href":"https:\/\/pamukhukuk.com\/index.php?rest_route=\/wp\/v2\/types\/page"}],"author":[{"embeddable":true,"href":"https:\/\/pamukhukuk.com\/index.php?rest_route=\/wp\/v2\/users\/1"}],"replies":[{"embeddable":true,"href":"https:\/\/pamukhukuk.com\/index.php?rest_route=%2Fwp%2Fv2%2Fcomments&post=997"}],"version-history":[{"count":1,"href":"https:\/\/pamukhukuk.com\/index.php?rest_route=\/wp\/v2\/pages\/997\/revisions"}],"predecessor-version":[{"id":999,"href":"https:\/\/pamukhukuk.com\/index.php?rest_route=\/wp\/v2\/pages\/997\/revisions\/999"}],"wp:attachment":[{"href":"https:\/\/pamukhukuk.com\/index.php?rest_route=%2Fwp%2Fv2%2Fmedia&parent=997"}],"curies":[{"name":"wp","href":"https:\/\/api.w.org\/{rel}","templated":true}]}}