{"id":1087,"date":"2023-09-28T19:50:09","date_gmt":"2023-09-28T19:50:09","guid":{"rendered":"https:\/\/pamukhukuk.com\/?page_id=1087"},"modified":"2023-09-28T19:50:09","modified_gmt":"2023-09-28T19:50:09","slug":"enerji-ve-madencilik-hukuku","status":"publish","type":"page","link":"https:\/\/pamukhukuk.com\/?page_id=1087","title":{"rendered":"Enerji ve Madencilik Hukuku"},"content":{"rendered":"\n<p>Enerji ve Madencilik Hukuku kapsam\u0131nda verdi\u011fimiz ba\u015fl\u0131ca hizmetler \u015fu \u015fekildedir:<br>Sekt\u00f6rel bazda faaliyet g\u00f6steren \u015firketlerin kurulu\u015f i\u015flemleri hususunda hukuki dan\u0131\u015fmanl\u0131k ve<br>avukatl\u0131k hizmetinin verilmesi,<br>Lisans ba\u015fvurular\u0131 ve devirleri hususunda hukuki dan\u0131\u015fmanl\u0131k ve avukatl\u0131k hizmetinin verilmesi,<br>YEK Belgesi \u2013 \u00c7ED Belgesi al\u0131nmas\u0131 hususunda hukuki dan\u0131\u015fmanl\u0131k ve avukatl\u0131k hizmetinin<br>verilmesi,<br>EPDK nezdinde b\u00fcrokratik i\u015flemlerin takibi hususunda hukuki dan\u0131\u015fmanl\u0131k ve avukatl\u0131k hizmetinin<br>verilmesi,<br>Elektrik \u2013 Do\u011falgaz \u2013 Petrol Piyasalar\u0131na y\u00f6nelik s\u00f6zle\u015fmelerin haz\u0131rlanmas\u0131 ve s\u00fcre\u00e7 y\u00f6netimi<br>hususunda hukuki dan\u0131\u015fmanl\u0131k ve avukatl\u0131k hizmetinin verilmesi,<br>Maden aramaya ili\u015fkin ruhsat ve izinlerin al\u0131nmas\u0131, ruhsat devri i\u015flemleri hususunda hukuki<br>dan\u0131\u015fmanl\u0131k ve avukatl\u0131k hizmetinin verilmesi,<br>Madencilik sekt\u00f6r\u00fcnde birle\u015fme ve devralmalar hususunda hukuki dan\u0131\u015fmanl\u0131k ve avukatl\u0131k<br>hizmetinin verilmesi,<br>Projelerin i\u00e7eri\u011finin mevzuatlar \u00e7er\u00e7evesinde de\u011ferlendirilmesi hususunda hukuki dan\u0131\u015fmanl\u0131k ve<br>avukatl\u0131k hizmetinin verilmesi,<br>Proje- Mevzuat uyumu \u00fczerinde \u00e7al\u0131\u015fmalar yapmak hususunda hukuki dan\u0131\u015fmanl\u0131k ve avukatl\u0131k<br>hizmetinin verilmesi,<br>Enerji piyasas\u0131 ile ilgili her t\u00fcrl\u00fc lisans ba\u015fvurular\u0131 ve tadilleri hususunda hukuki dan\u0131\u015fmanl\u0131k ve<br>avukatl\u0131k hizmetinin verilmesi,<br>Enerji \u015firketlerinin kurulumu hususunda hukuki dan\u0131\u015fmanl\u0131k ve avukatl\u0131k hizmetinin verilmesi,<br>\u015eirketler ile ilgili due diligence raporlar\u0131n\u0131n haz\u0131rlanmas\u0131 hususunda hukuki dan\u0131\u015fmanl\u0131k ve<br>avukatl\u0131k hizmetinin verilmesi,<br>Hisse devir i\u015flemleri hususunda hukuki dan\u0131\u015fmanl\u0131k ve avukatl\u0131k hizmetinin verilmesi,<br>\u0130mtiyaz s\u00f6zle\u015fmelerinin haz\u0131rlanmas\u0131 hususunda hukuki dan\u0131\u015fmanl\u0131k ve avukatl\u0131k hizmetinin<br>verilmesi,<br>Sondaj ve rehabilitasyon s\u00f6zle\u015fmeleri haz\u0131rlanmas\u0131 hususunda hukuki dan\u0131\u015fmanl\u0131k ve avukatl\u0131k<br>hizmetinin verilmesi,<br>\u00dcretim payla\u015f\u0131m s\u00f6zle\u015fmeleri hususunda hukuki dan\u0131\u015fmanl\u0131k ve avukatl\u0131k hizmetinin verilmesi,<br>Vergi da\u011f\u0131t\u0131m s\u00f6zle\u015fmeleri hususunda hukuki dan\u0131\u015fmanl\u0131k ve avukatl\u0131k hizmetinin verilmesi<\/p>\n","protected":false},"excerpt":{"rendered":"<p>Enerji ve Madencilik Hukuku kapsam\u0131nda verdi\u011fimiz ba\u015fl\u0131ca hizmetler \u015fu \u015fekildedir:Sekt\u00f6rel bazda faaliyet g\u00f6steren \u015firketlerin kurulu\u015f i\u015flemleri hususunda hukuki dan\u0131\u015fmanl\u0131k veavukatl\u0131k hizmetinin verilmesi,Lisans ba\u015fvurular\u0131 ve devirleri hususunda hukuki dan\u0131\u015fmanl\u0131k ve avukatl\u0131k hizmetinin verilmesi,YEK Belgesi \u2013 \u00c7ED Belgesi al\u0131nmas\u0131 hususunda hukuki dan\u0131\u015fmanl\u0131k ve avukatl\u0131k hizmetininverilmesi,EPDK nezdinde b\u00fcrokratik i\u015flemlerin takibi hususunda hukuki dan\u0131\u015fmanl\u0131k ve avukatl\u0131k hizmetininverilmesi,Elektrik \u2013 Do\u011falgaz [&hellip;]<\/p>\n","protected":false},"author":1,"featured_media":0,"parent":0,"menu_order":0,"comment_status":"closed","ping_status":"closed","template":"","meta":{"footnotes":""},"_links":{"self":[{"href":"https:\/\/pamukhukuk.com\/index.php?rest_route=\/wp\/v2\/pages\/1087"}],"collection":[{"href":"https:\/\/pamukhukuk.com\/index.php?rest_route=\/wp\/v2\/pages"}],"about":[{"href":"https:\/\/pamukhukuk.com\/index.php?rest_route=\/wp\/v2\/types\/page"}],"author":[{"embeddable":true,"href":"https:\/\/pamukhukuk.com\/index.php?rest_route=\/wp\/v2\/users\/1"}],"replies":[{"embeddable":true,"href":"https:\/\/pamukhukuk.com\/index.php?rest_route=%2Fwp%2Fv2%2Fcomments&post=1087"}],"version-history":[{"count":1,"href":"https:\/\/pamukhukuk.com\/index.php?rest_route=\/wp\/v2\/pages\/1087\/revisions"}],"predecessor-version":[{"id":1088,"href":"https:\/\/pamukhukuk.com\/index.php?rest_route=\/wp\/v2\/pages\/1087\/revisions\/1088"}],"wp:attachment":[{"href":"https:\/\/pamukhukuk.com\/index.php?rest_route=%2Fwp%2Fv2%2Fmedia&parent=1087"}],"curies":[{"name":"wp","href":"https:\/\/api.w.org\/{rel}","templated":true}]}}