{"id":1085,"date":"2023-09-28T19:48:50","date_gmt":"2023-09-28T19:48:50","guid":{"rendered":"https:\/\/pamukhukuk.com\/?page_id=1085"},"modified":"2023-09-28T19:48:50","modified_gmt":"2023-09-28T19:48:50","slug":"due-diligence","status":"publish","type":"page","link":"https:\/\/pamukhukuk.com\/?page_id=1085","title":{"rendered":"Due Diligence"},"content":{"rendered":"\n<p>Due Diligence kapsam\u0131nda verdi\u011fimiz ba\u015fl\u0131ca hizmetler \u015fu \u015fekildedir:<br>Hisse sat\u0131\u015f\u0131, birle\u015fme, devralma gibi yeniden yap\u0131land\u0131rma projeleri \u00f6ncesinde \u015firketlerin hukuki<br>durumunun incelenmesi, hedef \u015firketin\/malvarl\u0131\u011f\u0131n\u0131n her a\u00e7\u0131dan detayl\u0131 olarak analiz edilmesi ve<br>risklerin ortaya \u00e7\u0131kar\u0131lmas\u0131 i\u015flemine hukuksal due diligence denilmektedir. Pamuk Hukuk B\u00fcrosu<br>olarak hisse sat\u0131\u015f\u0131, birle\u015fme, devralma gibi yeniden yap\u0131land\u0131rma projeleri \u00f6ncesinde hukuksal due<br>diligence i\u015flemi hususunda hukuki dan\u0131\u015fmanl\u0131k ve avukatl\u0131k hizmeti vermekteyiz.<\/p>\n","protected":false},"excerpt":{"rendered":"<p>Due Diligence kapsam\u0131nda verdi\u011fimiz ba\u015fl\u0131ca hizmetler \u015fu \u015fekildedir:Hisse sat\u0131\u015f\u0131, birle\u015fme, devralma gibi yeniden yap\u0131land\u0131rma projeleri \u00f6ncesinde \u015firketlerin hukukidurumunun incelenmesi, hedef \u015firketin\/malvarl\u0131\u011f\u0131n\u0131n her a\u00e7\u0131dan detayl\u0131 olarak analiz edilmesi verisklerin ortaya \u00e7\u0131kar\u0131lmas\u0131 i\u015flemine hukuksal due diligence denilmektedir. Pamuk Hukuk B\u00fcrosuolarak hisse sat\u0131\u015f\u0131, birle\u015fme, devralma gibi yeniden yap\u0131land\u0131rma projeleri \u00f6ncesinde hukuksal duediligence i\u015flemi hususunda hukuki dan\u0131\u015fmanl\u0131k ve avukatl\u0131k [&hellip;]<\/p>\n","protected":false},"author":1,"featured_media":0,"parent":0,"menu_order":0,"comment_status":"closed","ping_status":"closed","template":"","meta":{"footnotes":""},"_links":{"self":[{"href":"https:\/\/pamukhukuk.com\/index.php?rest_route=\/wp\/v2\/pages\/1085"}],"collection":[{"href":"https:\/\/pamukhukuk.com\/index.php?rest_route=\/wp\/v2\/pages"}],"about":[{"href":"https:\/\/pamukhukuk.com\/index.php?rest_route=\/wp\/v2\/types\/page"}],"author":[{"embeddable":true,"href":"https:\/\/pamukhukuk.com\/index.php?rest_route=\/wp\/v2\/users\/1"}],"replies":[{"embeddable":true,"href":"https:\/\/pamukhukuk.com\/index.php?rest_route=%2Fwp%2Fv2%2Fcomments&post=1085"}],"version-history":[{"count":1,"href":"https:\/\/pamukhukuk.com\/index.php?rest_route=\/wp\/v2\/pages\/1085\/revisions"}],"predecessor-version":[{"id":1086,"href":"https:\/\/pamukhukuk.com\/index.php?rest_route=\/wp\/v2\/pages\/1085\/revisions\/1086"}],"wp:attachment":[{"href":"https:\/\/pamukhukuk.com\/index.php?rest_route=%2Fwp%2Fv2%2Fmedia&parent=1085"}],"curies":[{"name":"wp","href":"https:\/\/api.w.org\/{rel}","templated":true}]}}