{"id":1039,"date":"2023-09-28T19:17:32","date_gmt":"2023-09-28T19:17:32","guid":{"rendered":"https:\/\/pamukhukuk.com\/?page_id=1039"},"modified":"2023-09-28T19:17:32","modified_gmt":"2023-09-28T19:17:32","slug":"ceza-hukuku","status":"publish","type":"page","link":"https:\/\/pamukhukuk.com\/?page_id=1039","title":{"rendered":"Ceza Hukuku"},"content":{"rendered":"\n<p>Ceza Hukuku kapsam\u0131nda verdi\u011fimiz hizmetler ba\u015fl\u0131ca \u015fu \u015fekildedir:<br>Kasten insan \u00f6ld\u00fcrme ya da yaralama, uyu\u015fturucu ticareti veya insan ticareti, devlere kar\u015f\u0131<br>\u00f6rg\u00fctlenme ve topluma zarar verici eylemlerde bulunma, yasaklanan bilgilerin temin edilmesi,<br>devlete kar\u015f\u0131 casusluk, bilgi s\u0131zd\u0131rma, sava\u015f su\u00e7lar\u0131, yalan yere yemin su\u00e7lar\u0131, zor kullanma, tehdit<br>veya al\u0131 koyma, nefret ve ayr\u0131mc\u0131l\u0131k su\u00e7lar\u0131, radyasyon veya kimyasal yayma su\u00e7lar\u0131, ses ve<br>g\u00f6r\u00fcnt\u00fclerin kayda al\u0131nmas\u0131 bili\u015fim su\u00e7lar\u0131, ki\u015filerin mallar\u0131na kar\u015f\u0131 usuls\u00fcz tasarruf, kamu<br>g\u00f6revinin yerine getirilmemesi ya da usuls\u00fcz kullan\u0131m\u0131 gibi TCK\u2019da belirtilen t\u00fcm ceza ve a\u011f\u0131r ceza<br>davalar\u0131nda hukuki dan\u0131\u015fmanl\u0131k ve avukatl\u0131k hizmetinin verilmesi,<br>Ceza davas\u0131 ile ilgili davan\u0131n seyrine etki edebilecek delillerin toplanmas\u0131, sunulmas\u0131, tan\u0131klar\u0131n<br>belirlenmesi ve bu tan\u0131klarla g\u00f6r\u00fc\u015f\u00fclmesi hususlar\u0131nda hukuki dan\u0131\u015fmanl\u0131k ve avukatl\u0131k hizmetinin<br>verilmesi,<br>Tutuklama karar\u0131na yasal s\u00fcresi i\u00e7erisinde itiraz hususunda hukuki dan\u0131\u015fmanl\u0131k ve avukatl\u0131k<br>hizmetinin verilmesi,<br>\u0130fade ve sorgu esnas\u0131nda M\u00fcvekkil ile \u00f6n g\u00f6r\u00fc\u015fme yap\u0131larak, M\u00fcvekkilin yan\u0131nda bulunma<br>hususlar\u0131nda hukuki dan\u0131\u015fmanl\u0131k ve avukatl\u0131k hizmetinin verilmesi.<\/p>\n","protected":false},"excerpt":{"rendered":"<p>Ceza Hukuku kapsam\u0131nda verdi\u011fimiz hizmetler ba\u015fl\u0131ca \u015fu \u015fekildedir:Kasten insan \u00f6ld\u00fcrme ya da yaralama, uyu\u015fturucu ticareti veya insan ticareti, devlere kar\u015f\u0131\u00f6rg\u00fctlenme ve topluma zarar verici eylemlerde bulunma, yasaklanan bilgilerin temin edilmesi,devlete kar\u015f\u0131 casusluk, bilgi s\u0131zd\u0131rma, sava\u015f su\u00e7lar\u0131, yalan yere yemin su\u00e7lar\u0131, zor kullanma, tehditveya al\u0131 koyma, nefret ve ayr\u0131mc\u0131l\u0131k su\u00e7lar\u0131, radyasyon veya kimyasal yayma su\u00e7lar\u0131, ses [&hellip;]<\/p>\n","protected":false},"author":1,"featured_media":0,"parent":0,"menu_order":0,"comment_status":"closed","ping_status":"closed","template":"","meta":{"footnotes":""},"_links":{"self":[{"href":"https:\/\/pamukhukuk.com\/index.php?rest_route=\/wp\/v2\/pages\/1039"}],"collection":[{"href":"https:\/\/pamukhukuk.com\/index.php?rest_route=\/wp\/v2\/pages"}],"about":[{"href":"https:\/\/pamukhukuk.com\/index.php?rest_route=\/wp\/v2\/types\/page"}],"author":[{"embeddable":true,"href":"https:\/\/pamukhukuk.com\/index.php?rest_route=\/wp\/v2\/users\/1"}],"replies":[{"embeddable":true,"href":"https:\/\/pamukhukuk.com\/index.php?rest_route=%2Fwp%2Fv2%2Fcomments&post=1039"}],"version-history":[{"count":1,"href":"https:\/\/pamukhukuk.com\/index.php?rest_route=\/wp\/v2\/pages\/1039\/revisions"}],"predecessor-version":[{"id":1040,"href":"https:\/\/pamukhukuk.com\/index.php?rest_route=\/wp\/v2\/pages\/1039\/revisions\/1040"}],"wp:attachment":[{"href":"https:\/\/pamukhukuk.com\/index.php?rest_route=%2Fwp%2Fv2%2Fmedia&parent=1039"}],"curies":[{"name":"wp","href":"https:\/\/api.w.org\/{rel}","templated":true}]}}