{"id":1037,"date":"2023-09-28T19:16:47","date_gmt":"2023-09-28T19:16:47","guid":{"rendered":"https:\/\/pamukhukuk.com\/?page_id=1037"},"modified":"2023-09-28T19:16:47","modified_gmt":"2023-09-28T19:16:47","slug":"icra-ve-iflas-hukuku","status":"publish","type":"page","link":"https:\/\/pamukhukuk.com\/?page_id=1037","title":{"rendered":"\u0130cra ve \u0130flas Hukuku"},"content":{"rendered":"\n<p>\u0130cra ve \u0130flas Hukuku kapsam\u0131nda verdi\u011fimiz hizmetler ba\u015fl\u0131ca \u015fu \u015fekildedir:<br>M\u00fcvekkil aleyhinde ba\u015flat\u0131lan icra takiplerinde itiraz ve \u015fikayetlerin yap\u0131lmas\u0131 hususunda hukuki<br>dan\u0131\u015fmanl\u0131k ve avukatl\u0131k hizmetinin verilmesi,<br>\u0130cra takibinin ba\u015flat\u0131lmas\u0131 ve alacak tahsili hususlar\u0131nda hukuki dan\u0131\u015fmanl\u0131k ve avukatl\u0131k hizmetinin<br>verilmesi,<br>Bor\u00e7lular hakk\u0131nda malvarl\u0131\u011f\u0131 ara\u015ft\u0131rmas\u0131n\u0131n yap\u0131lmas\u0131 ve \u00fczerine kay\u0131tl\u0131 t\u00fcm malvarl\u0131\u011f\u0131n\u0131n, banka<br>hesaplar\u0131n\u0131n, maa\u015flar\u0131n\u0131n ve 3. Ki\u015filerde mevcut di\u011fer hak ve alacaklar\u0131n\u0131n haczedilmesi hususunda<br>hukuki dan\u0131\u015fmanl\u0131k ve avukatl\u0131k hizmetinin verilmesi,<br>\u0130cra takibine itiraz\u0131n iptali ve itiraz\u0131n kald\u0131r\u0131lmas\u0131 davalar\u0131nda hukuki dan\u0131\u015fmanl\u0131k ve avukatl\u0131k<br>hizmetinin verilmesi,<br>Menfi tespit ve istirdat davalar\u0131nda hukuki dan\u0131\u015fmanl\u0131k ve avukatl\u0131k hizmetinin verilmesi,<br>Nafaka borcu ve tahsiline ili\u015fkin hukuki dan\u0131\u015fmanl\u0131k ve avukatl\u0131k hizmetinin verilmesi,<br>\u0130htiyati haciz davas\u0131nda hukuki dan\u0131\u015fmanl\u0131k ve avukatl\u0131k hizmetinin verilmesi,<br>Cari hesap alaca\u011f\u0131 takibinde hukuki dan\u0131\u015fmanl\u0131k ve avukatl\u0131k hizmetinin verilmesi,<br>\u00c7ocuk teslimi veya \u00e7ocukla ki\u015fisel ili\u015fki kurulmas\u0131nda hukuki dan\u0131\u015fmanl\u0131k ve avukatl\u0131k hizmetinin<br>verilmesi,<br>Tasarrufun iptali davas\u0131nda hukuki dan\u0131\u015fmanl\u0131k ve avukatl\u0131k hizmetinin verilmesi,<br>\u0130cra yoluyla istihkak davas\u0131nda hukuki dan\u0131\u015fmanl\u0131k ve avukatl\u0131k hizmetinin verilmesi,<br>Kar\u015f\u0131l\u0131ks\u0131z \u00e7ek davalar\u0131nda hukuki dan\u0131\u015fmanl\u0131k ve avukatl\u0131k hizmetinin verilmesi,<br>Borca ve imzaya itiraz konular\u0131nda hukuki dan\u0131\u015fmanl\u0131k ve avukatl\u0131k hizmetinin verilmesi,<br>\u0130pote\u011fin paraya \u00e7evrilmesi hususunda hukuki dan\u0131\u015fmanl\u0131k ve avukatl\u0131k hizmetinin verilmesi,<br>Ta\u015f\u0131n\u0131r rehninin paraya \u00e7evrilmesi hususunda hukuki dan\u0131\u015fmanl\u0131k ve avukatl\u0131k hizmetinin verilmesi,<br>Ta\u015f\u0131n\u0131r teslimi veya ta\u015f\u0131nmaz tahliye veya teslimi hususunda hukuki dan\u0131\u015fmanl\u0131k ve avukatl\u0131k<br>hizmetinin verilmesi,<br>Kambiyo senetlerine \u00f6zg\u00fc haciz yolu ile icra takibi hususunda hukuki dan\u0131\u015fmanl\u0131k ve avukatl\u0131k<br>hizmetinin verilmesi,<br>\u0130flas yolu ile adi takip hususunda hukuki dan\u0131\u015fmanl\u0131k ve avukatl\u0131k hizmetinin verilmesi,<br>\u0130halenin feshi davas\u0131nda hukuki dan\u0131\u015fmanl\u0131k ve avukatl\u0131k hizmetinin verilmesi.<br>Konkordato i\u015flemlerinin takibi hususunda hukuki dan\u0131\u015fmanl\u0131k ve avukatl\u0131k hizmetinin verilmesi.<\/p>\n","protected":false},"excerpt":{"rendered":"<p>\u0130cra ve \u0130flas Hukuku kapsam\u0131nda verdi\u011fimiz hizmetler ba\u015fl\u0131ca \u015fu \u015fekildedir:M\u00fcvekkil aleyhinde ba\u015flat\u0131lan icra takiplerinde itiraz ve \u015fikayetlerin yap\u0131lmas\u0131 hususunda hukukidan\u0131\u015fmanl\u0131k ve avukatl\u0131k hizmetinin verilmesi,\u0130cra takibinin ba\u015flat\u0131lmas\u0131 ve alacak tahsili hususlar\u0131nda hukuki dan\u0131\u015fmanl\u0131k ve avukatl\u0131k hizmetininverilmesi,Bor\u00e7lular hakk\u0131nda malvarl\u0131\u011f\u0131 ara\u015ft\u0131rmas\u0131n\u0131n yap\u0131lmas\u0131 ve \u00fczerine kay\u0131tl\u0131 t\u00fcm malvarl\u0131\u011f\u0131n\u0131n, bankahesaplar\u0131n\u0131n, maa\u015flar\u0131n\u0131n ve 3. Ki\u015filerde mevcut di\u011fer hak ve alacaklar\u0131n\u0131n haczedilmesi [&hellip;]<\/p>\n","protected":false},"author":1,"featured_media":0,"parent":0,"menu_order":0,"comment_status":"closed","ping_status":"closed","template":"","meta":{"footnotes":""},"_links":{"self":[{"href":"https:\/\/pamukhukuk.com\/index.php?rest_route=\/wp\/v2\/pages\/1037"}],"collection":[{"href":"https:\/\/pamukhukuk.com\/index.php?rest_route=\/wp\/v2\/pages"}],"about":[{"href":"https:\/\/pamukhukuk.com\/index.php?rest_route=\/wp\/v2\/types\/page"}],"author":[{"embeddable":true,"href":"https:\/\/pamukhukuk.com\/index.php?rest_route=\/wp\/v2\/users\/1"}],"replies":[{"embeddable":true,"href":"https:\/\/pamukhukuk.com\/index.php?rest_route=%2Fwp%2Fv2%2Fcomments&post=1037"}],"version-history":[{"count":1,"href":"https:\/\/pamukhukuk.com\/index.php?rest_route=\/wp\/v2\/pages\/1037\/revisions"}],"predecessor-version":[{"id":1038,"href":"https:\/\/pamukhukuk.com\/index.php?rest_route=\/wp\/v2\/pages\/1037\/revisions\/1038"}],"wp:attachment":[{"href":"https:\/\/pamukhukuk.com\/index.php?rest_route=%2Fwp%2Fv2%2Fmedia&parent=1037"}],"curies":[{"name":"wp","href":"https:\/\/api.w.org\/{rel}","templated":true}]}}