{"id":1023,"date":"2023-09-28T19:03:10","date_gmt":"2023-09-28T19:03:10","guid":{"rendered":"https:\/\/pamukhukuk.com\/?page_id=1023"},"modified":"2023-09-28T19:03:11","modified_gmt":"2023-09-28T19:03:11","slug":"ticari-isletme-hukuku","status":"publish","type":"page","link":"https:\/\/pamukhukuk.com\/?page_id=1023","title":{"rendered":"Ticari \u0130\u015fletme Hukuku"},"content":{"rendered":"\n<p>Ticaret Hukuku kapsam\u0131nda verdi\u011fimiz ba\u015fl\u0131ca hizmetler \u015fu \u015fekildedir:<br>Ticari \u0130\u015fletmenin Devri hususunda gerekli dan\u0131\u015fmanl\u0131k hizmetinin verilmesi,<br>Ticari \u0130\u015fletmelerin Birle\u015fmesi hususunda gerekli dan\u0131\u015fmanl\u0131k hizmetinin verilmesi,<br>Ticari \u0130\u015flemlerde ta\u015f\u0131n\u0131r rehni s\u00f6zle\u015fmesinin yap\u0131lmas\u0131 ve tescili hususunda gerekli dan\u0131\u015fmanl\u0131k<br>hizmetinin verilmesi ve gerekli hukuki i\u015flemin yap\u0131lmas\u0131,<br>Ticaret Siciline tescil prosed\u00fcr\u00fcne ili\u015fkin gerekli dan\u0131\u015fmanl\u0131k hizmetinin verilmesi,<br>Ticaret Unvan\u0131n\u0131n olu\u015fumu, tescili, devaml\u0131l\u0131\u011f\u0131, devri ve intikali ve korunmas\u0131 hususunda gerekli<br>dan\u0131\u015fmanl\u0131k hizmetinin verilmesi,<br>Markan\u0131n tescili, markan\u0131n devri, markan\u0131n teminat g\u00f6sterilmesi, markan\u0131n haczi, marka lisans\u0131 ve<br>markan\u0131n korunmas\u0131 gibi hususlarda gerekli dan\u0131\u015fmanl\u0131k hizmetinin verilmesi, gerekli ba\u015fvurular\u0131n<br>yap\u0131lmas\u0131 ve s\u00fcrecin takibi.<br>Ticari defter tutma ve cari hesap konular\u0131nda usul ve y\u00fck\u00fcml\u00fcl\u00fcklere ili\u015fkin gerekli dan\u0131\u015fmanl\u0131k<br>hizmetinin verilmesi.<\/p>\n","protected":false},"excerpt":{"rendered":"<p>Ticaret Hukuku kapsam\u0131nda verdi\u011fimiz ba\u015fl\u0131ca hizmetler \u015fu \u015fekildedir:Ticari \u0130\u015fletmenin Devri hususunda gerekli dan\u0131\u015fmanl\u0131k hizmetinin verilmesi,Ticari \u0130\u015fletmelerin Birle\u015fmesi hususunda gerekli dan\u0131\u015fmanl\u0131k hizmetinin verilmesi,Ticari \u0130\u015flemlerde ta\u015f\u0131n\u0131r rehni s\u00f6zle\u015fmesinin yap\u0131lmas\u0131 ve tescili hususunda gerekli dan\u0131\u015fmanl\u0131khizmetinin verilmesi ve gerekli hukuki i\u015flemin yap\u0131lmas\u0131,Ticaret Siciline tescil prosed\u00fcr\u00fcne ili\u015fkin gerekli dan\u0131\u015fmanl\u0131k hizmetinin verilmesi,Ticaret Unvan\u0131n\u0131n olu\u015fumu, tescili, devaml\u0131l\u0131\u011f\u0131, devri ve intikali ve korunmas\u0131 [&hellip;]<\/p>\n","protected":false},"author":1,"featured_media":0,"parent":0,"menu_order":0,"comment_status":"closed","ping_status":"closed","template":"","meta":{"footnotes":""},"_links":{"self":[{"href":"https:\/\/pamukhukuk.com\/index.php?rest_route=\/wp\/v2\/pages\/1023"}],"collection":[{"href":"https:\/\/pamukhukuk.com\/index.php?rest_route=\/wp\/v2\/pages"}],"about":[{"href":"https:\/\/pamukhukuk.com\/index.php?rest_route=\/wp\/v2\/types\/page"}],"author":[{"embeddable":true,"href":"https:\/\/pamukhukuk.com\/index.php?rest_route=\/wp\/v2\/users\/1"}],"replies":[{"embeddable":true,"href":"https:\/\/pamukhukuk.com\/index.php?rest_route=%2Fwp%2Fv2%2Fcomments&post=1023"}],"version-history":[{"count":1,"href":"https:\/\/pamukhukuk.com\/index.php?rest_route=\/wp\/v2\/pages\/1023\/revisions"}],"predecessor-version":[{"id":1024,"href":"https:\/\/pamukhukuk.com\/index.php?rest_route=\/wp\/v2\/pages\/1023\/revisions\/1024"}],"wp:attachment":[{"href":"https:\/\/pamukhukuk.com\/index.php?rest_route=%2Fwp%2Fv2%2Fmedia&parent=1023"}],"curies":[{"name":"wp","href":"https:\/\/api.w.org\/{rel}","templated":true}]}}